 2*y, -5*v + 80 + d = -3*y. Let f be (0 + -1 + 2)*27. What is the highest common divisor of f and v?
9
Suppose 2*n - v = -3*n - 26, 20 = -2*n - 2*v. Let y be n*(-12)/9 + 1. What is the highest common factor of y and 36?
9
Let v be 4/(-18) + 758/9. Suppose -5*p - 4 = -64. What is the greatest common divisor of v and p?
12
Suppose -5*p + 5*l = -465, p + 3*p = -5*l + 399. What is the highest common divisor of 12 and p?
12
Let x = 23 - 8. Calculate the highest common factor of 90 and x.
15
Let g be (-105)/(-12) + (-2)/(-8). Let a = g + -5. Calculate the highest common factor of 4 and a.
4
Let c(d) = -d**3 + 8*d**2 + d - 2. Let v be (-1)/2*(-18 + 2). Let r be c(v). Suppose a = -0 + r. What is the greatest common factor of 15 and a?
3
Let i(z) = -2*z + 9. Let d be i(-15). What is the greatest common divisor of 39 and d?
39
Let k be 2/(2/9) + -1. Let b be -5 + (19 - (7 + -5)). What is the highest common divisor of b and k?
4
Suppose t - s - 19 = 0, 3*t = 2*t - s + 21. Suppose 2*j + 3*k = 49, -3*k = j - 4*k - 17. Let w = 50 - j. What is the highest common factor of w and t?
10
Let x(z) = z - 9. Let b be x(5). Let v be (-20)/(b + 6 + -3). Calculate the greatest common factor of v and 10.
10
Suppose -5*b - 55 = -5*p, -2*p = -0*p + b - 16. What is the highest common divisor of 54 and p?
9
Let s be ((-17)/3 + 1)*-3. Suppose k + 4*k = 70. Let f = k + -7. Calculate the greatest common factor of f and s.
7
Let y(g) = g - 222. Let a be y(0). Let b = -112 - a. What is the highest common factor of b and 22?
22
Let r = 94 + 11. What is the greatest common factor of r and 140?
35
Suppose -4*g = -g - 12. Let l be g/(-12) - (-273)/9. What is the greatest common divisor of 12 and l?
6
Suppose 15 = 4*o - o. Suppose -3*a - 5*t = 13 - 3, a + 20 = -o*t. Let f = -19 + 54. What is the greatest common factor of f and a?
5
Suppose 0 = 4*t + 4*y - 8*y - 20, 0 = 4*t + 2*y - 2. Suppose -t*z = h + 8, -4*h + 0 = -z - 13. Calculate the greatest common factor of 5 and h.
1
Let d be (-45)/(-4) + (-3)/(-4). Suppose -63 - 24 = -n. Let l = n + -27. Calculate the highest common factor of d and l.
12
Let a(n) = -4*n - 13. Let r be a(-10). What is the highest common factor of r and 27?
27
Let t be 1/(-3) - 91/(-3). Let z(u) = -u**2 + u + 2. Let v be z(0). Let m = v - -13. What is the highest common factor of m and t?
15
Let b be ((-12)/(-15))/(2/(-5)) - -3. Suppose 4 = r - 2*c, 7*r - 2*r - 13 = 3*c. Suppose -5*q + 37 - r = 0. Calculate the highest common divisor of q and b.
1
Suppose -2*c + 66 = k, -144 = -2*k - 5*c - 9. What is the highest common divisor of k and 45?
15
Suppose -2*z - 3*b = -68, 32 = z - 0*z + 2*b. Suppose 2*w - z = -3*w. Calculate the highest common divisor of w and 12.
4
Let t = 80 - 25. What is the greatest common divisor of 11 and t?
11
Suppose -2*o - q + 53 = 0, 0 = o - 3*q - 0*q - 37. What is the highest common divisor of o and 308?
28
Let p(j) = 2*j - 4. Let u be p(5). Let n be (-2 + 1)/((-3)/6). Let q be (2 + -98)*n/(-4). What is the highest common divisor of u and q?
6
Suppose 0*l = 3*l - 24. Suppose a - 6*a + 35 = 0. Suppose 9 = 4*u - a. What is the greatest common divisor of l and u?
4
Suppose 0 = g + 2*g - 84. Let y = 68 - g. What is the highest common divisor of y and 8?
8
Let s(k) = -k**2 - 3*k + 2. Let u be s(-4). Let c be (5 + u)/((-1)/(-3)). Let w = 19 - c. Calculate the highest common divisor of 25 and w.
5
Suppose -170 = -32*o + 30*o. What is the greatest common divisor of o and 17?
17
Let l be (-7)/(7/(-2)) - -38. What is the greatest common factor of 5 and l?
5
Suppose 5*f + d - 525 = 0, -3*d - 405 = -4*f - 4. Calculate the highest common divisor of 13 and f.
13
Suppose -68 = -4*p + 2*p. Suppose 31 = s + 2*v, v = 2*s - s - p. Let d(q) = q**2 - 3*q + 22. Let x be d(0). What is the highest common factor of s and x?
11
Suppose -3*o + 2*g + 16 = -71, 2*g + 118 = 4*o. Calculate the greatest common factor of 62 and o.
31
Let h = -16 - -13. Let d be (30/(-9))/2*h. Calculate the greatest common divisor of d and 5.
5
Suppose 2*n - 7*n = 0, 3*l - 21 = 2*n. Let o(p) = p**2 - 5*p + 7. Let g be o(5). Calculate the highest common divisor of g and l.
7
Suppose 0 = -3*n - 3*z + 117, -121 + 38 = -2*n - z. Calculate the highest common divisor of n and 4.
4
Let q be (8/(-5))/((-1)/5). Let d(r) = -57*r**3 - 1. Let w be d(-1). What is the highest common factor of w and q?
8
Let r = 105 + -50. Let t(l) = l**3 + 7*l**2 - 8*l + 5. Let s be t(-8). Calculate the highest common factor of s and r.
5
Let z(n) = 8*n - 22. Let i be z(4). Calculate the greatest common factor of 90 and i.
10
Let s(d) = -2*d**2 - d + 28. Let c be s(0). Calculate the greatest common divisor of c and 224.
28
Suppose -2704 = -6*j - 7*j. What is the greatest common factor of 26 and j?
26
Suppose -336 = y - 5*y. Let a be y/8 - (-1)/2. Calculate the highest common divisor of 121 and a.
11
Let t(z) = -2*z - 9. Let u be t(-6). Let f = 2 - u. Let q = 5 - f. Calculate the greatest common divisor of q and 3.
3
Let q = 169 - 97. What is the greatest common divisor of 9 and q?
9
Let j(s) = 31*s - 1. Let y be j(1). Let x be (-55)/4 - (-1)/(-4). Let f be 8/28 + (-164)/x. What is the greatest common divisor of f and y?
6
Suppose 2*d + 2*d = 5*h - 44, -3*h = -3*d - 24. Let b be (-1)/(3/h) + 2. Let q be 1 + 11 + 0 + b. What is the greatest common divisor of q and 70?
10
Let z(f) = 2*f**2 - 6*f + 9. Let o be z(-8). Calculate the highest common factor of 37 and o.
37
Let s be 6*3/12*2. Let t be 145/45 - 4/18. What is the greatest common divisor of s and t?
3
Suppose 35 + 235 = 18*s. What is the highest common divisor of s and 180?
15
Let j(k) be the third derivative of -19*k**4/24 + k**3 - 3*k**2. Let z be j(-6). Calculate the greatest common factor of z and 24.
24
Suppose -3*u + 8 = l, 34 = 2*l - 5*u - 4. Calculate the highest common divisor of 98 and l.
14
Let s(l) = l**3 + 9*l**2 + l + 18. Let u be s(-9). Let w(d) = -2*d**3 - 2*d**2 + 3*d. Let a be w(-3). Calculate the highest common factor of u and a.
9
Suppose 0 = -k - 4*v - 10, 65 = 4*k - 3*v - 2*v. Calculate the greatest common factor of k and 2.
2
Let r(b) = 3*b**2 + b + 3. Let g be r(-3). Calculate the greatest common factor of g and 9.
9
Let y(o) = -2*o**2 + 16*o - 8. Let h be y(7). Let t be (-428)/(-6) + 4/h. Calculate the highest common divisor of t and 8.
8
Suppose -4*l = 3*x - 77, 3*x = -5*l - 13 + 92. Calculate the highest common divisor of 23 and x.
23
Let m = -52 + 88. Let h = 52 - m. What is the highest common factor of h and 32?
16
Suppose 0 = -2*x + 4*a + 172, -x - x + 177 = a. Let z be -19*-1*(0 - -1). Let o = z + -11. What is the highest common divisor of o and x?
8
Suppose j + l - 2185 = 6*j, -5*j - 2210 = 4*l. Let i be (j/9)/(6/9). Let d = 133 + i. What is the highest common divisor of 10 and d?
10
Suppose 3*j + 8 = 23. Suppose -3*u + 1 + j = 0. Let g(t) = 2*t**2 - 7*t + 1. Let x be g(5). What is the highest common divisor of x and u?
2
Let d = -6 + 19. Let a = -1 - -2. Let w = d - a. What is the highest common divisor of 48 and w?
12
Let p = 135 + -121. Let q be 98 - (0 - 1 - -1). Calculate the highest common factor of q and p.
14
Let s = 8 + -1. What is the greatest common divisor of s and 28?
7
Suppose 0 = 6*g - 415 + 37. What is the greatest common divisor of 42 and g?
21
Suppose -5*m + 53 = -72. Let y = -9 - -4. Let d be (5 - y)*2/4. Calculate the greatest common divisor of d and m.
5
Let l be 25 + -3 - 14/(-7). What is the highest common divisor of 36 and l?
12
Suppose -4 = 4*t + d - 19, 5*t = 2*d + 35. Suppose -2*l + 4*v + 20 = 0, 0 = -l + t*l - 5*v - 43. What is the highest common factor of 12 and l?
12
Let a(i) = i. Let p be a(-6). Let h be (100/p)/5*-3. Let k(r) = r**3 + 5*r**2 - 1. Let o be k(-4). What is the highest common divisor of h and o?
5
Let c(q) = -5*q + q + 3*q + 6. Let m be c(-5). What is the highest common divisor of 55 and m?
11
Let h(y) = -y + 8. Let o be h(6). Suppose -10 = -3*n + o. Calculate the highest common divisor of n and 36.
4
Suppose -4*q + 3*r + 123 = 0, 4*r = -0*q - 3*q + 61. Calculate the greatest common divisor of 162 and q.
27
Let g be -8 - ((-4)/2 + 2). Let q be g/(-28) + 164/14. Let d be ((-27)/q)/(6/(-16)). What is the highest common divisor of 6 and d?
6
Let i = 4 + -3. Let b = -1 - -3. What is th